 + r + 6. Suppose 2*d - 3 = -5*x, 2*d - 2*x + 9 = -3*x. Let w be v(d). Suppose 3*u - 47 + 17 = w. List the prime factors of u.
2, 5
Suppose 5*k = 5*g + 1500, 4*k - 3*g - 1200 = -0*k. What are the prime factors of k?
2, 3, 5
Let z(o) = o**3 + 9*o**2 + 13*o + 6. What are the prime factors of z(-5)?
41
Let s(o) = -o**2 - 13*o - 8. Let z(k) = 6 + 3*k**2 - 1 - 2*k**2 - 2*k**2. Let v be z(-4). What are the prime factors of s(v)?
2, 7
Let q be (-3)/(-4) - 2/(-8). List the prime factors of (-10)/(2/4 - q).
2, 5
Suppose 5*b - 6*u + 5*u - 1410 = 0, -3*u = -3*b + 834. What are the prime factors of b?
283
Suppose -19 = -2*k - 5*y, -y - 2*y = -2*k - 5. Suppose 5*w + 3*r - 85 = 2*r, -k*w + 21 = 3*r. What are the prime factors of w?
2, 3
Let v be (9/(-6))/(3/(-16)). Let x(o) = 2*o + 6. Let s(r) = -r - 5. Let g(u) = 4*s(u) + 3*x(u). List the prime factors of g(v).
2, 7
Let h(d) = 3*d**2 - 3 + d**3 + 3*d**2 + 4*d + 2*d**2 - 2*d**2. What are the prime factors of h(-5)?
2
Let z be 0/(-4*1/(-2)). Suppose z = 2*x - c - 21, 0*x = x - 3*c - 13. List the prime factors of x.
2, 5
Let a be ((-2)/3)/((-3)/9). Suppose 2*i - a = -6. List the prime factors of (-10)/(i - 0) - -2.
7
Let r(j) = -j**3 - 9*j**2 + j + 10. Let f be r(-9). What are the prime factors of (f - -1)/((-1)/(-1))?
2
Suppose 9 - 1 = 2*m. Let c(a) = -7 + 4*a + 6 - 3*a + m*a**2 + 11*a**2. List the prime factors of c(1).
3, 5
Let n = 42 + 143. List the prime factors of n.
5, 37
Suppose 0 = -16*h + 18*h - 64. List the prime factors of h.
2
Suppose 0*m = -i - m + 1, -3*i = m - 11. What are the prime factors of 5 - i - 1*-2?
2
Let l be (4 - 1)*(-2)/6. Let o be -1 + (4 + l - -10). Let c = o + -7. What are the prime factors of c?
5
Suppose -2*q - y = -12, -q - 5*y = -5*q + 24. Let o(m) = 3*m + 1. What are the prime factors of o(q)?
19
Let z be (0 + -2 - 7)/(-1). List the prime factors of 20/3 + (-6)/z.
2, 3
Let d = -6 - -8. Suppose -d*g = 10 - 32. Suppose 0 = -5*z + v + 39 - g, 3*z - 16 = v. What are the prime factors of z?
2, 3
Let p = -5 - -1. Let u(w) = -w**3 + w**2 + w + 1. Let h(k) = -3*k**3 - 4*k**2 - 2*k + 7. Let x(v) = -h(v) + 2*u(v). List the prime factors of x(p).
11
Let f(z) = z**3 + 75. Let s be f(0). Suppose -225 - s = -5*v. Suppose 4*d - v = -0*d. What are the prime factors of d?
3, 5
Suppose 1 + 7 = y. Suppose -4*n = -0 - y. List the prime factors of n.
2
Let j(l) be the third derivative of -l**6/120 + l**5/60 - l**4/24 + l**3 - 2*l**2. What are the prime factors of j(0)?
2, 3
Suppose 0 = 2*u - 4*u. Suppose u = -4*k + 3*k + 24. List the prime factors of k.
2, 3
Let u = 16 + -9. What are the prime factors of u?
7
Let a = -12 - -3. Let w = a + 13. Suppose 3*l - 15 = 0, 22 = -5*z - w*l + 67. List the prime factors of z.
5
Let v(h) = -h**2 - 10*h - 13. Let i be v(-11). What are the prime factors of (7/2)/((-2)/i)?
2, 3, 7
Suppose 5*v - 24 = 4*d, -5*d + 0 = 3*v - 7. List the prime factors of v.
2
What are the prime factors of (-3)/5 - (-446)/10?
2, 11
Let v = -6 - -17. Suppose 4*s + v + 1 = 0. List the prime factors of s/1*(-24)/9.
2
Suppose -4*z - 5*y + 0*y + 258 = 0, 2*z - 134 = -5*y. List the prime factors of z.
2, 31
Suppose -2*a - 4 = -46. Let y be -2 - a/(-1 - 2). Let i = 12 - y. List the prime factors of i.
7
Let f = -7 + 12. Let i(p) = 7*p**2 - 3*p - 2. Let l(k) = 6*k**2 - 3*k - 1. Let y(j) = -5*i(j) + 6*l(j). What are the prime factors of y(f)?
2, 7
Let o(i) = -20*i - 56. What are the prime factors of o(-9)?
2, 31
Let p be (0/2)/(4/(-2)). Suppose 2*w + 3 + 19 = p. List the prime factors of w/(-2) - (-4)/8.
2, 3
Let x(r) be the second derivative of r**3/6 - r**2/2 + r. Suppose 2*n = 19 - 5. What are the prime factors of x(n)?
2, 3
Let f(z) = -z + 24. What are the prime factors of f(-12)?
2, 3
Suppose 4*h - 5*k + 3*k = 0, 9 = -h + 5*k. Let l = h + 1. Suppose -r - 93 = -5*z + l*r, 0 = -z + r + 19. What are the prime factors of z?
2, 3
Let r(v) = -v - 4. Let y be r(-4). Let q = -8 + 11. Let a = y + q. What are the prime factors of a?
3
Suppose 2 = -t, 0*x + 3*t = -3*x + 528. What are the prime factors of x?
2, 89
Suppose -z + 8 = -l + 2*z, 3*l - 6 = 3*z. Suppose -5*r + l = c, -2*c + c + 3 = r. What are the prime factors of -2*(3 - 23/c)?
17
Suppose -h - x + 51 = -3*x, 0 = -5*h - x + 244. List the prime factors of h.
7
Suppose 2*q - 6*q = 8. Let l = q - -7. List the prime factors of l.
5
Let g(l) = l**3 + 5*l**2 - 7*l - 8. Let z be g(-6). Let r(w) = w**2 - 2*w - 2. List the prime factors of r(z).
2, 3
Let t = 1 - 7. Let k be t/(1/2 - 2). Suppose 0 = k*n - w - 26, n + 4*w - 4 = 3*w. What are the prime factors of n?
2, 3
Let a = 91 - 40. What are the prime factors of a?
3, 17
Suppose 0 = 2*l + 2*u - 90, 5*l - 3*u = 120 + 105. Suppose -3*d - 2*q = -89, 3*q + 42 = -d + 3*d. Let n = l - d. List the prime factors of n.
2, 3
Suppose -36 = -3*b + 9. What are the prime factors of b?
3, 5
Suppose 0 = -3*n - 5*z + 21, -n = -5*z + 10 + 3. Suppose -a + 3 = -n. What are the prime factors of a?
5
Let u(h) = 3*h + 9. What are the prime factors of u(11)?
2, 3, 7
Let k(g) = g**3 - 7*g**2 + 8*g - 8. Let x(i) = i + 6. Let v(h) = h + 3. Let l(z) = 7*v(z) - 4*x(z). Let d be l(3). List the prime factors of k(d).
2
Suppose 1200 = 2*i + 2*i - 4*s, 4*i + 3*s = 1214. List the prime factors of i.
2, 151
Let p be (16/(-12))/(1/3). Let t(l) = l**2 + 3*l + 5. What are the prime factors of t(p)?
3
Let x be ((-14)/(-6) - 2)*87. Suppose 4*f - x = -9. What are the prime factors of f?
5
Suppose -5*l + 546 = 146. What are the prime factors of l?
2, 5
Let z(l) = -l. Let s(x) = -6*x + 7. Let g(u) = s(u) - 5*z(u). List the prime factors of g(-8).
3, 5
Suppose -4*j = 5*d - 30, -j + 6 = 2*d - 3. List the prime factors of j.
5
What are the prime factors of 56 - (-8 - -4 - -3)?
3, 19
Suppose 10*r = 11*r - 19. Suppose 0 = 2*q - 69 + r. List the prime factors of q.
5
Let x(h) = h**2 - 5*h + 6. Let q be x(4). Suppose 2*z - 4 = q. List the prime factors of z.
3
Suppose -5*z = -4*z - 31. List the prime factors of z.
31
Let i(p) = -3*p. Let q = 5 + -2. Let a be (q - 4)/(1/5). What are the prime factors of i(a)?
3, 5
Let p(r) = r**2 - 3. Let i(s) = 8*s**3 - 2*s**2 + 1. Let w be i(1). Suppose 3*h + 2 = 2*o - w, -3*h = 5*o - 12. List the prime factors of p(o).
2, 3
Suppose -4*x + 14 = -2*x. Let i = -3 - x. What are the prime factors of ((-4)/i)/((-3)/(-15))?
2
Let k(v) = 2*v**2 - 5*v + 2. Suppose m + 9 = 4*m. What are the prime factors of k(m)?
5
Suppose q - 6 = -4*t + 19, -15 = 2*t - 5*q. Suppose 0*m - 296 = 4*j - 4*m, -t*j - 376 = m. List the prime factors of 8/44 - j/11.
7
List the prime factors of 1334/5 + 2/10.
3, 89
Let q = 1 + 1. Suppose 5 = -q*l + 3*l. Suppose -40 = -l*j - 0*j. List the prime factors of j.
2
Let n(c) = c**3 + 9*c**2 + 10*c + 1. What are the prime factors of n(-5)?
3, 17
List the prime factors of (2/8 - 2)*-8.
2, 7
Suppose -r - 3*y + 223 = 0, -3*r + 4*y + 704 = 6*y. List the prime factors of r.
2, 7, 17
Let v = 128 - 91. Let k = v - 23. List the prime factors of k.
2, 7
Suppose -30 = 2*c - 86. What are the prime factors of c?
2, 7
Suppose -11 = 2*j + 5. What are the prime factors of (10/j)/((-5)/40)?
2, 5
Let l(s) = s**3 + s**2 - s**2 + 0*s + 8*s - 6*s**2 - 3. Let k be l(5). Suppose 2*p - 56 = -k. List the prime factors of p.
2, 11
Let f = 593 + -414. What are the prime factors of f?
179
Let h(q) = q + 2. Let f = -4 - -7. Suppose t = 2 + f. List the prime factors of h(t).
7
Let t(i) = i**3 + 6*i**2 - 10. Let h be t(-5). Suppose -11 - 14 = -5*g. Let l = h - g. List the prime factors of l.
2, 5
Let g(u) = u**3 + 8*u**2 - 2*u - 10. Let b be g(-8). Suppose b = v + v. What are the prime factors of v?
3
Let k(o) = -11*o + 4. Let n(g) = 16*g - 6. Let b(d) = -8*k(d) - 5*n(d). Let s be b(4). Suppose s = 4*x - 2*h, -2*x = -7*x + h + 33. List the prime factors of x.
2, 3
Let y = 12 + -10. Suppose y*z + h + 4*h = 37, h + 31 = 2*z. List the prime factors of z.
2
Let j be 2/(0 - 2)*-2. Suppose r = -j*r + 18. Let z(t) = 3*t - 7. What are the prime factors of z(r)?
11
Let y(n) = 10*n + 2 - 4 + 0. Let p be y(3). Suppose -p = -3*c - 10. What are the prime factors of c?
2, 3
Let h = 33 - 2. What are the prime factors of h?
31
Let k(s) = s - 2. Let d be k(5). Suppose d*l - 64 = -2*n, -8 = -2*l + 5*n + 60. What are the prime factors of l?
2, 3